{"id":862,"date":"2023-08-28T16:37:06","date_gmt":"2023-08-28T14:37:06","guid":{"rendered":"https:\/\/web.casaplanas.org\/?page_id=862"},"modified":"2023-10-05T16:31:35","modified_gmt":"2023-10-05T14:31:35","slug":"aviso-legal","status":"publish","type":"page","link":"https:\/\/casaplanas.org\/cat\/aviso-legal\/","title":{"rendered":"Aviso legal"},"content":{"rendered":"<div data-elementor-type=\"wp-page\" data-elementor-id=\"862\" class=\"elementor elementor-862\">\n\t\t\t\t<div class=\"elementor-element elementor-element-150dd56 e-con-full e-flex e-con e-parent\" data-id=\"150dd56\" data-element_type=\"container\" data-e-type=\"container\" data-settings=\"{&quot;background_background&quot;:&quot;classic&quot;}\">\n\t\t<div class=\"elementor-element elementor-element-e390e16 e-flex e-con-boxed e-con e-child\" data-id=\"e390e16\" data-element_type=\"container\" data-e-type=\"container\">\n\t\t\t\t\t<div class=\"e-con-inner\">\n\t\t\t\t<div class=\"elementor-element elementor-element-bb1a63a elementor-widget elementor-widget-heading\" data-id=\"bb1a63a\" data-element_type=\"widget\" data-e-type=\"widget\" data-widget_type=\"heading.default\">\n\t\t\t\t<div class=\"elementor-widget-container\">\n\t\t\t\t\t<h3 class=\"elementor-heading-title elementor-size-default\">Av\u00eds Legal<\/h3>\t\t\t\t<\/div>\n\t\t\t\t<\/div>\n\t\t\t\t<div class=\"elementor-element elementor-element-3a05b61 elementor-widget elementor-widget-text-editor\" data-id=\"3a05b61\" data-element_type=\"widget\" data-e-type=\"widget\" data-widget_type=\"text-editor.default\">\n\t\t\t\t<div class=\"elementor-widget-container\">\n\t\t\t\t\t\t\t\t\t<p><strong>Si et reconeixes o reconeixes a alg\u00fa en les fotografies que publiquem posa't en contacte amb nosaltres a:<\/strong> <a class=\"body_link\" href=\"mailto:info@casaplanas.org\" target=\"_blank\" rel=\"noopener\">info@casaplanas.org<\/a><br \/><br \/><br \/>Centre Cultural Casa Planas AC<br \/><br \/><br \/>Avinguda Sant Ferran 21, Palma, CP 07011. Illes Balears. Espanya.<br \/><br \/><br \/>CIF G57931297<br \/><br \/><br \/>T. (+34) 971966751<br \/><br \/><br \/>info@casaplanas.org<br \/><br \/><br \/>www.casaplanas.org<br \/><br \/><br \/><strong>OBJECTE<\/strong><br \/><br \/><br \/>El prestador, responsable del lloc web, posa a la disposici\u00f3 dels usuaris el present document amb el qual pret\u00e9n donar compliment a les obligacions disposades en la Llei 34\/2002, de Serveis de la Societat de la Informaci\u00f3 i del Comer\u00e7 Electr\u00f2nic (LSSI-CE), aix\u00ed com informar a tots els usuaris del lloc web respecte a quins s\u00f3n les condicions d'\u00fas del lloc web.<br \/><br \/><br \/>Tota persona que accedeixi a aquest lloc web assumeix el paper d'usuari, comprometent-se a l'observan\u00e7a i compliment rigor\u00f3s de les disposicions aqu\u00ed disposades, aix\u00ed com a qualsevol altra disposici\u00f3 legal que fos aplicable.<br \/><br \/><br \/>El prestador es reserva el dret a modificar qualsevol tipus d'informaci\u00f3 que pogu\u00e9s apar\u00e8ixer en el lloc web, sense que existeixi obligaci\u00f3 de preavisar o posar en coneixement dels usuaris aquestes obligacions, entenent-se com a suficient amb la publicaci\u00f3 en el lloc web del prestador.<br \/><br \/><br \/><strong>RESPONSABILITAT<\/strong><br \/><br \/><br \/>El prestador s'eximeix de qualsevol tipus de responsabilitat derivada de la informaci\u00f3 publicada en el seu lloc web, sempre que aquesta informaci\u00f3 hagi estat manipulada o introdu\u00efda per un tercer ali\u00e8 a aquest.<br \/><br \/><br \/>El lloc web del prestador pot utilitzar cookies (petits arxius d'informaci\u00f3 que el servidor envia a l'ordinador de qui accedeix a la p\u00e0gina) per a dur a terme determinades funcions que s\u00f3n considerades imprescindibles per al correcte funcionament i visualitzaci\u00f3 del lloc. Les cookies utilitzades en el lloc web tenen, en tot cas, car\u00e0cter temporal amb l'\u00fanica finalitat de fer m\u00e9s efica\u00e7 la seva transmissi\u00f3 ulterior i desapareixen en acabar la sessi\u00f3 de l'usuari. En cap cas s'utilitzaran les cookies per a recollir informaci\u00f3 de car\u00e0cter personal.<br \/><br \/><br \/>Des del lloc web del client \u00e9s possible que es redirigeixi a continguts de tercers llocs web. At\u00e8s que el prestador no pot controlar sempre els continguts introdu\u00efts pels tercers en els seus llocs web, aquest no assumeix cap mena de responsabilitat respecte a aquests continguts. En tot cas, el prestador manifesta que procedir\u00e0 a la retirada immediata de qualsevol contingut que pogu\u00e9s contravenir la legislaci\u00f3 nacional o internacional, la moral o l'ordre p\u00fablic, procedint a la retirada immediata de la redirecci\u00f3 a aquest lloc web, posant en coneixement de les autoritats competents el contingut en q\u00fcesti\u00f3.<br \/><br \/><br \/>El prestador no es fa responsable de la informaci\u00f3 i continguts emmagatzemats, a t\u00edtol enunciatiu per\u00f2 no limitatiu, en f\u00f2rums, xats, generadors de blogs, comentaris, xarxes socials o qualssevol un altre mitj\u00e0 que permeti a tercers publicar continguts de manera independent a la p\u00e0gina web del prestador. No obstant aix\u00f2 i en compliment del que es disposa en l'art. 11 i 16 de la LSSI-CE, el prestador es posa a la disposici\u00f3 de tots els usuaris, Autoritats i Forces de Seguretat, i col\u00b7laborant de manera activa en la retirada o si \u00e9s el cas bloqueig de tots aquells continguts que poguessin afectar o contravenir la legislaci\u00f3 nacional, o internacional, drets de tercers o la moral i l'ordre p\u00fablic. En cas que l'usuari consideri que existeix en el lloc web algun contingut que pogu\u00e9s ser susceptible d'aquesta classificaci\u00f3, es prega el notifiqui de manera immediata a l'administrador del lloc web.<br \/><br \/><br \/>Aquest lloc web ha estat revisat i provat perqu\u00e8 funcioni correctament. En principi, pot garantir-se el correcte funcionament els 365 dies de l'any, 24 hores al dia. No obstant aix\u00f2, el prestador no descarta la possibilitat que existeixin certs errors de programaci\u00f3, o que esdevinguin causes de for\u00e7a major, cat\u00e0strofes naturals, vagues, o circumst\u00e0ncies semblants que facin impossible l'acc\u00e9s a la p\u00e0gina web.<br \/><br \/><br \/><strong>PROTECCI\u00d3 DE DADES PERSONALS<\/strong><br \/><br \/><br \/>El prestador es troba profundament comprom\u00e8s amb el compliment de la normativa espanyola de protecci\u00f3 de dades de car\u00e0cter personal, i garanteix el compliment \u00edntegre de les obligacions disposades, aix\u00ed com la implementaci\u00f3 de les mesures de seguretat disposades en l'art. 9 de la Llei 15\/1999, de Protecci\u00f3 de Dades de Car\u00e0cter Personal (LOPD) i en el Reglament de Desenvolupament de la LOPD.<br \/><br \/><br \/>El prestador posa a la disposici\u00f3 dels usuaris la Pol\u00edtica de Privacitat de l'entitat informant els usuaris respecte als seg\u00fcents aspectes:<\/p><ul><li>Dades del Responsable del tractament.<\/li><li>Dades tractades.<\/li><li>Fitxer en el qual s'emmagatzemen.<\/li><li>Finalitat del tractament.<\/li><li>Obligatorietat o no de facilitar-los, aix\u00ed com les conseq\u00fc\u00e8ncies en cas de no facilitar-los.<\/li><li>Sobre els drets que assisteixen a tot usuari i el procediment per a exercitar-los.<\/li><\/ul><p><br \/><br \/><strong>PROPIETAT INTEL\u00b7LECTUAL I INDUSTRIAL<\/strong><br \/><br \/><br \/>El lloc web, incloent-hi t\u00edtol enunciatiu per\u00f2 no limitatiu la seva programaci\u00f3, edici\u00f3, compilaci\u00f3 i altres elements necessaris per al seu funcionament, els dissenys, logotips, text i\/o gr\u00e0fics s\u00f3n propietat del prestador o si \u00e9s el cas disposa de llic\u00e8ncia o autoritzaci\u00f3 expressa per part dels autors. Tots els continguts del lloc web es troben degudament protegits per la normativa de propietat intel\u00b7lectual i industrial, aix\u00ed com inscrits en els registres p\u00fablics corresponents.<br \/><br \/><br \/>Independentment de la finalitat per a la qual fossin destinats, la reproducci\u00f3 total o parcial, \u00fas, explotaci\u00f3, distribuci\u00f3 i comercialitzaci\u00f3, requereix en tot cas de l'autoritzaci\u00f3 escrita pr\u00e8via per part del prestador. Qualsevol \u00fas no autoritzat pr\u00e8viament per part del prestador ser\u00e0 considerat un incompliment greu dels drets de propietat intel\u00b7lectual o industrial de l'autor.<br \/><br \/><br \/>Els dissenys, logotips, text i\/o gr\u00e0fiques aliens al prestador i que poguessin apar\u00e8ixer en el lloc web, pertanyen als seus respectius propietaris, sent ells mateixos responsables de qualsevol possible controv\u00e8rsia que pogu\u00e9s suscitar-se respecte a aquests. En tot cas, el prestador compta amb l'autoritzaci\u00f3 expressa i pr\u00e8via per part d'aquests.<br \/><br \/><br \/>El prestador reconeix a favor dels seus titulars els corresponents drets de propietat industrial i intel\u00b7lectual, no implicant el seu sol esment o aparici\u00f3 en el lloc web l'exist\u00e8ncia de drets o cap responsabilitat del prestador sobre aquests, com tampoc suport, patrocini o recomanaci\u00f3 per part d'aquest.<br \/><br \/><br \/>Per a realitzar qualsevol tipus d'observaci\u00f3 respecte a possibles incompliments dels drets de propietat intel\u00b7lectual o industrial, aix\u00ed com sobre qualsevol dels continguts del lloc web, pot fer-lo a trav\u00e9s del seg\u00fcent correu electr\u00f2nic: comunicacio@casaplanas.org.<br \/><br \/><br \/><strong>LLEI APLICABLE I JURISDICCI\u00d3<\/strong><br \/><br \/><br \/>Per a la resoluci\u00f3 de totes les controv\u00e8rsies o q\u00fcestions relacionades amb el present lloc web o de les activitats en ell desenvolupades, ser\u00e0 aplicable la legislaci\u00f3 espanyola, a la qual se sotmeten expressament les parts, sent competents per a la resoluci\u00f3 de tots els conflictes derivats o relacionats amb el seu \u00fas els Jutjats i Tribunals de Palma.<\/p>\t\t\t\t\t\t\t\t<\/div>\n\t\t\t\t<\/div>\n\t\t\t\t\t<\/div>\n\t\t\t\t<\/div>\n\t\t\t\t<\/div>\n\t\t<div class=\"elementor-element elementor-element-749000e e-flex e-con-boxed e-con e-parent\" data-id=\"749000e\" data-element_type=\"container\" data-e-type=\"container\">\n\t\t\t\t\t<div class=\"e-con-inner\">\n\t\t\t\t<div class=\"elementor-element elementor-element-8833c28 elementor-widget-divider--view-line elementor-widget elementor-widget-divider\" data-id=\"8833c28\" data-element_type=\"widget\" data-e-type=\"widget\" data-widget_type=\"divider.default\">\n\t\t\t\t<div class=\"elementor-widget-container\">\n\t\t\t\t\t\t\t<div class=\"elementor-divider\">\n\t\t\t<span class=\"elementor-divider-separator\">\n\t\t\t\t\t\t<\/span>\n\t\t<\/div>\n\t\t\t\t\t\t<\/div>\n\t\t\t\t<\/div>\n\t\t\t\t\t<\/div>\n\t\t\t\t<\/div>\n\t\t\t\t<\/div>","protected":false},"excerpt":{"rendered":"<p>Aviso Legal Si te reconoces o reconoces a alguien en las fotograf\u00edas que publicamos ponte en contacto con nosotras en: info@casaplanas.org Centre Cultural Casa Planas AC Avinguda Sant Ferran 21, Palma, CP 07011. Islas Baleares. Espa\u00f1a. CIF G57931297 T. (+34) 971966751 info@casaplanas.org www.casaplanas.org OBJETO El prestador, responsable del sitio web, pone a disposici\u00f3n de los [&hellip;]<\/p>\n","protected":false},"author":2,"featured_media":0,"parent":0,"menu_order":0,"comment_status":"closed","ping_status":"closed","template":"","meta":{"site-sidebar-layout":"no-sidebar","site-content-layout":"page-builder","ast-site-content-layout":"default","site-content-style":"default","site-sidebar-style":"default","ast-global-header-display":"","ast-banner-title-visibility":"","ast-main-header-display":"","ast-hfb-above-header-display":"","ast-hfb-below-header-display":"","ast-hfb-mobile-header-display":"","site-post-title":"disabled","ast-breadcrumbs-content":"","ast-featured-img":"disabled","footer-sml-layout":"","ast-disable-related-posts":"","theme-transparent-header-meta":"","adv-header-id-meta":"","stick-header-meta":"","header-above-stick-meta":"","header-main-stick-meta":"","header-below-stick-meta":"","astra-migrate-meta-layouts":"set","ast-page-background-enabled":"default","ast-page-background-meta":{"desktop":{"background-color":"","background-image":"","background-repeat":"repeat","background-position":"center center","background-size":"auto","background-attachment":"scroll","background-type":"","background-media":"","overlay-type":"","overlay-color":"","overlay-opacity":"","overlay-gradient":""},"tablet":{"background-color":"","background-image":"","background-repeat":"repeat","background-position":"center center","background-size":"auto","background-attachment":"scroll","background-type":"","background-media":"","overlay-type":"","overlay-color":"","overlay-opacity":"","overlay-gradient":""},"mobile":{"background-color":"","background-image":"","background-repeat":"repeat","background-position":"center center","background-size":"auto","background-attachment":"scroll","background-type":"","background-media":"","overlay-type":"","overlay-color":"","overlay-opacity":"","overlay-gradient":""}},"ast-content-background-meta":{"desktop":{"background-color":"var(--ast-global-color-5)","background-image":"","background-repeat":"repeat","background-position":"center center","background-size":"auto","background-attachment":"scroll","background-type":"","background-media":"","overlay-type":"","overlay-color":"","overlay-opacity":"","overlay-gradient":""},"tablet":{"background-color":"var(--ast-global-color-5)","background-image":"","background-repeat":"repeat","background-position":"center center","background-size":"auto","background-attachment":"scroll","background-type":"","background-media":"","overlay-type":"","overlay-color":"","overlay-opacity":"","overlay-gradient":""},"mobile":{"background-color":"var(--ast-global-color-5)","background-image":"","background-repeat":"repeat","background-position":"center center","background-size":"auto","background-attachment":"scroll","background-type":"","background-media":"","overlay-type":"","overlay-color":"","overlay-opacity":"","overlay-gradient":""}},"footnotes":""},"class_list":["post-862","page","type-page","status-publish","hentry"],"jetpack_sharing_enabled":true,"_links":{"self":[{"href":"https:\/\/casaplanas.org\/cat\/wp-json\/wp\/v2\/pages\/862","targetHints":{"allow":["GET"]}}],"collection":[{"href":"https:\/\/casaplanas.org\/cat\/wp-json\/wp\/v2\/pages"}],"about":[{"href":"https:\/\/casaplanas.org\/cat\/wp-json\/wp\/v2\/types\/page"}],"author":[{"embeddable":true,"href":"https:\/\/casaplanas.org\/cat\/wp-json\/wp\/v2\/users\/2"}],"replies":[{"embeddable":true,"href":"https:\/\/casaplanas.org\/cat\/wp-json\/wp\/v2\/comments?post=862"}],"version-history":[{"count":57,"href":"https:\/\/casaplanas.org\/cat\/wp-json\/wp\/v2\/pages\/862\/revisions"}],"predecessor-version":[{"id":29466,"href":"https:\/\/casaplanas.org\/cat\/wp-json\/wp\/v2\/pages\/862\/revisions\/29466"}],"wp:attachment":[{"href":"https:\/\/casaplanas.org\/cat\/wp-json\/wp\/v2\/media?parent=862"}],"curies":[{"name":"wp","href":"https:\/\/api.w.org\/{rel}","templated":true}]}}