{"id":1144,"date":"2023-08-29T14:35:45","date_gmt":"2023-08-29T12:35:45","guid":{"rendered":"https:\/\/web.casaplanas.org\/?page_id=1144"},"modified":"2023-10-05T16:33:44","modified_gmt":"2023-10-05T14:33:44","slug":"cookies","status":"publish","type":"page","link":"https:\/\/casaplanas.org\/cat\/cookies\/","title":{"rendered":"Pol\u00edtiques de cookies"},"content":{"rendered":"<div data-elementor-type=\"wp-page\" data-elementor-id=\"1144\" class=\"elementor elementor-1144\">\n\t\t\t\t<div class=\"elementor-element elementor-element-5ccb886 e-flex e-con-boxed e-con e-parent\" data-id=\"5ccb886\" data-element_type=\"container\" data-e-type=\"container\" data-settings=\"{&quot;background_background&quot;:&quot;classic&quot;}\">\n\t\t\t\t\t<div class=\"e-con-inner\">\n\t\t<div class=\"elementor-element elementor-element-a34e0c0 e-flex e-con-boxed e-con e-child\" data-id=\"a34e0c0\" data-element_type=\"container\" data-e-type=\"container\">\n\t\t\t\t\t<div class=\"e-con-inner\">\n\t\t\t\t<div class=\"elementor-element elementor-element-aa11177 elementor-widget elementor-widget-heading\" data-id=\"aa11177\" data-element_type=\"widget\" data-e-type=\"widget\" data-widget_type=\"heading.default\">\n\t\t\t\t<div class=\"elementor-widget-container\">\n\t\t\t\t\t<h3 class=\"elementor-heading-title elementor-size-default\">Pol\u00edtiques de cookies<\/h3>\t\t\t\t<\/div>\n\t\t\t\t<\/div>\n\t\t\t\t<div class=\"elementor-element elementor-element-a5341b8 elementor-widget elementor-widget-text-editor\" data-id=\"a5341b8\" data-element_type=\"widget\" data-e-type=\"widget\" data-widget_type=\"text-editor.default\">\n\t\t\t\t<div class=\"elementor-widget-container\">\n\t\t\t\t\t\t\t\t\t<h6>PER A QU\u00c8 UTILITZEM COOKIES I TRACTEM DADES DE NAVEGACI\u00d3?<\/h6>\nEn aquesta Web utilitzem cookies.\n<br>\n<br>\nEn cas d'utilitzar la nostra web sense procedir a la desactivaci\u00f3 de les cookies, manifesta el seu consentiment per a la instal\u00b7laci\u00f3 d'aquestes.\n<br>\n<br>\n<strong>Qu\u00e8 \u00e9s una cookie?<\/strong>\n<br>\n<br>\nUna cookie \u00e9s un fitxer que les webs transfereixen als equips que es connecten a elles. Si b\u00e9 sovint els prop\u00f2sits de les cookies s\u00f3n nom\u00e9s t\u00e8cnics, tamb\u00e9 poden permetre, entre altres coses, emmagatzemar i recuperar informaci\u00f3 sobre els h\u00e0bits de navegaci\u00f3 d'un usuari o del seu equip i, depenent de la informaci\u00f3 que continguin i de la forma en qu\u00e8 utilitzi el seu equip, utilitzar-se per a recon\u00e8ixer a l'usuari.\n<br>\n<br>\nExisteixen cookies que s\u00f3n controlades i gestionades pel propi titular de la Web (s\u00f3n anomenades \u201ccookies pr\u00f2pies\u201d) i altres que ho s\u00f3n per tercers (s\u00f3n conegudes com a \u201ccookies de tercers\u201d), per exemple, perqu\u00e8 aquests proporcionen una eina o una funcionalitat integrada a la web.\n<br>\n<br>\nAlgunes cookies es cancel\u00b7len una vegada finalitzada la navegaci\u00f3 a la web (cookies de sessi\u00f3) mentre que unes altres poden seguir emmagatzemades a l'equip dels usuaris i ser accedides per un per\u00edode m\u00e9s llarg (cookies persistents).\n<br>\n<br>\n<strong>Quin tipus de cookies utilitzem i per a qu\u00e8?<\/strong>\n<br>\n<br>\nEn aquesta Web utilitzem el seg\u00fcent tipus de cookies:\n<br>\n<br>\n\u2013 Cookies t\u00e8cniques o indispensables a la prestaci\u00f3 dels serveis\nUtilitzem cookies t\u00e8cniques per a poder prestar els serveis sol\u00b7licitats pels nostres usuaris. Aquestes cookies s\u00f3n indispensables per a la navegaci\u00f3 i la utilitzaci\u00f3 de les diferents opcions i serveis de la web, com, per exemple, controlar el tr\u00e0nsit i la comunicaci\u00f3 de dades, identificar la sessi\u00f3, accedir a parts d'acc\u00e9s restringit, utilitzar elements de seguretat durant la navegaci\u00f3, emmagatzemar continguts per a la difusi\u00f3 de v\u00eddeos o sons o compartir continguts a trav\u00e9s de xarxes socials.\n<br>\n<br>\n-Cookies de personalitzaci\u00f3\nAmb la finalitat d'optimitzar l'experi\u00e8ncia d'\u00fas de la nostra web, utilitzem cookies de personalitzaci\u00f3 que ens permeten configurar la web i els seus serveis concorde a les prefer\u00e8ncies de l'usuari o a caracter\u00edstiques generals del seu equip, per exemple, el navegador utilitzat i la seva versi\u00f3, el sistema operatiu instal\u00b7lat, etc.\n<br>\n<br>\nAquestes cookies s'utilitzen per a, per exemple, recordar els par\u00e0metres que van ser triats per l'usuari durant les seves visites, orientar el contingut de la web en funci\u00f3 del seu idioma o ubicaci\u00f3 o mantenir l'estat acreditat dels usuaris registrats.\n<br>\n<br>\n-Cookies d'an\u00e0lisis\nLes cookies d'an\u00e0lisis permeten mesurar i analitzar l'activitat dels llocs web i elaborar perfils de navegaci\u00f3 dels usuaris.\n<br>\n<br>\nUtilitzem les cookies de GOOGLE ANALYTICS per a recopilar estad\u00edstiques an\u00f2nimes i conjuntes que ens permetin comprendre la forma en qu\u00e8 els usuaris utilitzen la nostra web, amb la finalitat de millorar-la i ajustar-la a les prefer\u00e8ncies dels nostres visitants.\n<br>\n<br>\nGOOGLE ANALYTICS \u00e9s una eina prove\u00efda per l'empresa Google, Inc., 1600 Amphitheatre Parkway. Mountain View, CA 94043. els EUA Pot obtenir m\u00e9s informaci\u00f3 sobre el funcionament de GOOGLE ANALYTICS i les cookies utilitzades per aquest servei en els seg\u00fcents enlla\u00e7os:\n<br>\n<br>\n<a class=\"body_link\" href=\"https:\/\/support.google.com\/analytics\/answer\/6004245\" target=\"_self\" rel=\"noopener\">https:\/\/support.google.com\/analytics\/answer\/6004245<\/a>\n<a class=\"body_link\" href=\"http:\/\/www.google.com\/intl\/es\/policies\/privacy\/\" target=\"_self\" rel=\"noopener\">http:\/\/www.google.com\/intl\/es\/policies\/privacy\/<\/a>\n<br>\n<br>\nPot desactivar les cookies de GOOGLE ANALYTICS mitjan\u00e7ant la instal\u00b7laci\u00f3 en el seu navegador del complement d'inhabilitaci\u00f3 creat per Google i disponible en el seg\u00fcent enlla\u00e7: https:\/\/tools.google.com\/dlpage\/gaoptout?hl=es\n<br>\n<br>\nT\u00edpicament les dades derivades de la seva navegaci\u00f3 que poden ser objecte d'an\u00e0lisi s\u00f3n les seg\u00fcents:\n<br>\n<br>\nEl nom de domini del prove\u00efdor (PSI) i\/o adre\u00e7a IP que els dona acc\u00e9s a la xarxa. Per exemple, un usuari del prove\u00efdor xxx nom\u00e9s estar\u00e0 identificat amb el domini xxx.es i\/o l'adre\u00e7a IP. D'aquesta manera podem elaborar estad\u00edstiques sobre els pa\u00efsos i servidors que visiten m\u00e9s sovint el nostre web.\nLa data i hora d'acc\u00e9s al nostre web. Aix\u00f2 ens permet esbrinar les hores de m\u00e9s aflu\u00e8ncia, i fer els ajustos precisos per a evitar problemes de saturaci\u00f3 en les nostres hores punta.\nL'adre\u00e7a d'internet des de la qual va partir el link que dirigeix al nostre web. Gr\u00e0cies a aquesta dada, podem con\u00e8ixer l'efectivitat dels diferents b\u00e0ners i enlla\u00e7os que apunten al nostre servidor, amb la finalitat de potenciar els que ofereixin millors resultats.\nEl nombre de visitants diaris de cada secci\u00f3. Aix\u00f2 ens permet con\u00e8ixer les \u00e0rees de m\u00e9s \u00e8xit i augmentar i millorar el seu contingut, amb la finalitat que els usuaris obtinguin un resultat m\u00e9s satisfactori.\n<br>\n<br>\n<strong>S\u00f3n an\u00f2nimes les cookies?<\/strong>\n<br>\n<br>\nLes cookies no contenen informaci\u00f3 que permeti per si sola identificar a un usuari concret. Respecte a nosaltres, la informaci\u00f3 obtinguda nom\u00e9s podr\u00e0 ser associada a un usuari concret en cas que aquest usuari estigui identificat en la web. De ser aix\u00ed, aquestes dades seran tractats de conformitat la pol\u00edtica de privacitat de la Web, complint en tot moment amb les exig\u00e8ncies de la normativa vigent en mat\u00e8ria de protecci\u00f3 de dades de car\u00e0cter personal. En qualsevol moment els usuaris afectats podran exercitar el seu dret a accedir, rectificar i suprimir les dades, aix\u00ed com altres drets com s'explica en la citada pol\u00edtica de privacitat.\n<br>\n<br>\n<strong>Com puc gestionar les cookies?<\/strong>\n<br>\n<br>\nEls usuaris de la web tenen l'opci\u00f3 de no rebre cookies, esborrar-les o de ser informats sobre la seva fixaci\u00f3 mitjan\u00e7ant la configuraci\u00f3 del seu navegador. Per a saber com gestionar les cookies en el seu navegador, el convidem a consultar l'ajuda d'aquest.\n<br>\n<br>\nPer a la seva comoditat, a continuaci\u00f3 trobar\u00e0 informaci\u00f3 proporcionada pels desenvolupadors dels principals navegadors sobre la gesti\u00f3 de cookies:\n<br>\n<br>\nChrome, <a class=\"body_link\" href=\"https:\/\/support.google.com\/chrome\/answer\/95647?hl=es\" target=\"_self\" rel=\"noopener\"> https:\/\/support.google.com\/chrome\/answer\/95647?hl=es<\/a>\nExplorer, <a class=\"body_link\" href=\"http:\/\/windows.microsoft.com\/es-es\/windows-vista\/block-or-allow-cookies\" target=\"_self\" rel=\"noopener\"> http:\/\/windows.microsoft.com\/es-es\/windows-vista\/block-or-allow-cookies<\/a>\nFirefox, <a class=\"body_link\" href=\"http:\/\/support.mozilla.org\/es\/kb\/habilitar-y-deshabilitar-cookies-que-los-sitios-we\" target=\"_self\" rel=\"noopener\"> http:\/\/support.mozilla.org\/es\/kb\/habilitar-y-deshabilitar-cookies-que-los-sitios-we<\/a>\nSafari, <a class=\"body_link\" href=\"https:\/\/support.apple.com\/kb\/index?q=manage+cookies&amp;src=globalnav_support&amp;type=organic&amp;page=search&amp;locale=es_ES\" target=\"_self\" rel=\"noopener\">https:\/\/support.apple.com\/kb\/index?q=manage+cookies&amp;src=globalnav_support&amp;type=organic&amp;page=search&amp;locale=es_ES<\/a>\nEn cas de desactivar les cookies, \u00e9s possible que no pugui fer \u00fas de totes les funcionalitats de la web.\n<br>\n<br>\nPer a inhabilitar l'\u00fas de cookies publicit\u00e0ries de tercers, els usuaris poden igualment visitar la p\u00e0gina d'inhabilitaci\u00f3 de la Iniciativa publicit\u00e0ria de la xarxa (NAI, Network Advertising Initiative. P\u00e0gina en angl\u00e8s: <a class=\"body_link\" href=\"http:\/\/www.networkadvertising.org\/managing\/opt_out.asp\" target=\"_self\" rel=\"noopener\">http:\/\/www.networkadvertising.org\/managing\/opt_out.asp<\/a>\t\t\t\t\t\t\t\t<\/div>\n\t\t\t\t<\/div>\n\t\t\t\t\t<\/div>\n\t\t\t\t<\/div>\n\t\t\t\t\t<\/div>\n\t\t\t\t<\/div>\n\t\t<div class=\"elementor-element elementor-element-e63156c e-flex e-con-boxed e-con e-parent\" data-id=\"e63156c\" data-element_type=\"container\" data-e-type=\"container\">\n\t\t\t\t\t<div class=\"e-con-inner\">\n\t\t\t\t<div class=\"elementor-element elementor-element-7b0ae8e elementor-widget-divider--view-line elementor-widget elementor-widget-divider\" data-id=\"7b0ae8e\" data-element_type=\"widget\" data-e-type=\"widget\" data-widget_type=\"divider.default\">\n\t\t\t\t<div class=\"elementor-widget-container\">\n\t\t\t\t\t\t\t<div class=\"elementor-divider\">\n\t\t\t<span class=\"elementor-divider-separator\">\n\t\t\t\t\t\t<\/span>\n\t\t<\/div>\n\t\t\t\t\t\t<\/div>\n\t\t\t\t<\/div>\n\t\t\t\t\t<\/div>\n\t\t\t\t<\/div>\n\t\t\t\t<\/div>","protected":false},"excerpt":{"rendered":"<p>Pol\u00edticas de cookies \u00bfPARA QU\u00c9 UTILIZAMOS COOKIES Y TRATAMOS DATOS DE NAVEGACI\u00d3N? En esta Web utilizamos cookies. En caso de utilizar nuestra web sin proceder a la desactivaci\u00f3n de las cookies, manifiesta su consentimiento para la instalaci\u00f3n de las mismas. \u00bfQu\u00e9 es una cookie? Una cookie es un fichero que las webs transfieren a los [&hellip;]<\/p>\n","protected":false},"author":2,"featured_media":0,"parent":0,"menu_order":0,"comment_status":"closed","ping_status":"closed","template":"","meta":{"site-sidebar-layout":"no-sidebar","site-content-layout":"page-builder","ast-site-content-layout":"default","site-content-style":"default","site-sidebar-style":"default","ast-global-header-display":"","ast-banner-title-visibility":"","ast-main-header-display":"","ast-hfb-above-header-display":"","ast-hfb-below-header-display":"","ast-hfb-mobile-header-display":"","site-post-title":"disabled","ast-breadcrumbs-content":"","ast-featured-img":"disabled","footer-sml-layout":"","ast-disable-related-posts":"","theme-transparent-header-meta":"","adv-header-id-meta":"","stick-header-meta":"","header-above-stick-meta":"","header-main-stick-meta":"","header-below-stick-meta":"","astra-migrate-meta-layouts":"set","ast-page-background-enabled":"default","ast-page-background-meta":{"desktop":{"background-color":"","background-image":"","background-repeat":"repeat","background-position":"center center","background-size":"auto","background-attachment":"scroll","background-type":"","background-media":"","overlay-type":"","overlay-color":"","overlay-opacity":"","overlay-gradient":""},"tablet":{"background-color":"","background-image":"","background-repeat":"repeat","background-position":"center center","background-size":"auto","background-attachment":"scroll","background-type":"","background-media":"","overlay-type":"","overlay-color":"","overlay-opacity":"","overlay-gradient":""},"mobile":{"background-color":"","background-image":"","background-repeat":"repeat","background-position":"center center","background-size":"auto","background-attachment":"scroll","background-type":"","background-media":"","overlay-type":"","overlay-color":"","overlay-opacity":"","overlay-gradient":""}},"ast-content-background-meta":{"desktop":{"background-color":"var(--ast-global-color-5)","background-image":"","background-repeat":"repeat","background-position":"center center","background-size":"auto","background-attachment":"scroll","background-type":"","background-media":"","overlay-type":"","overlay-color":"","overlay-opacity":"","overlay-gradient":""},"tablet":{"background-color":"var(--ast-global-color-5)","background-image":"","background-repeat":"repeat","background-position":"center center","background-size":"auto","background-attachment":"scroll","background-type":"","background-media":"","overlay-type":"","overlay-color":"","overlay-opacity":"","overlay-gradient":""},"mobile":{"background-color":"var(--ast-global-color-5)","background-image":"","background-repeat":"repeat","background-position":"center center","background-size":"auto","background-attachment":"scroll","background-type":"","background-media":"","overlay-type":"","overlay-color":"","overlay-opacity":"","overlay-gradient":""}},"footnotes":""},"class_list":["post-1144","page","type-page","status-publish","hentry"],"jetpack_sharing_enabled":true,"_links":{"self":[{"href":"https:\/\/casaplanas.org\/cat\/wp-json\/wp\/v2\/pages\/1144","targetHints":{"allow":["GET"]}}],"collection":[{"href":"https:\/\/casaplanas.org\/cat\/wp-json\/wp\/v2\/pages"}],"about":[{"href":"https:\/\/casaplanas.org\/cat\/wp-json\/wp\/v2\/types\/page"}],"author":[{"embeddable":true,"href":"https:\/\/casaplanas.org\/cat\/wp-json\/wp\/v2\/users\/2"}],"replies":[{"embeddable":true,"href":"https:\/\/casaplanas.org\/cat\/wp-json\/wp\/v2\/comments?post=1144"}],"version-history":[{"count":89,"href":"https:\/\/casaplanas.org\/cat\/wp-json\/wp\/v2\/pages\/1144\/revisions"}],"predecessor-version":[{"id":29472,"href":"https:\/\/casaplanas.org\/cat\/wp-json\/wp\/v2\/pages\/1144\/revisions\/29472"}],"wp:attachment":[{"href":"https:\/\/casaplanas.org\/cat\/wp-json\/wp\/v2\/media?parent=1144"}],"curies":[{"name":"wp","href":"https:\/\/api.w.org\/{rel}","templated":true}]}}